et p = 100 - 71. Suppose -p*z + 774 = -26*z. Let q = -97 + z. What is the hundreds digit of q?
1
Let o(s) = 50*s + 12. Let q be o(-12). Let h be q/(-35)*10/4. What is the hundreds digit of ((-1)/(-1) + -7)*(-903)/h?
1
Let x(d) = 28574*d - 229. What is the hundreds digit of x(2)?
9
Suppose 0 = 24*z - 3*z - 15687. Suppose -294*f + z = -291*f. What is the hundreds digit of f?
2
Let y be -876 - (4 + 0 - 11). Let s = 1519 + y. What is the units digit of s?
0
Let m be (-363880)/(-45) - (-2)/(-9). Suppose 70*f - 55964 - m = 0. What is the units digit of f?
5
Let y(g) be the third derivative of 0 + 14*g**2 + 1/5*g**5 + 0*g + 1/24*g**4 - 4/3*g**3. What is the units digit of y(3)?
3
Let b = 46 - 21. Let a = b + -25. What is the units digit of 36/(-21)*(-84 - a)?
4
Let v(r) = -r**3 - 21*r**2 + 14*r + 16. Let w be v(-27). Suppose t = -33*t + w. What is the tens digit of t?
1
Let o(x) = 8*x**2 - 3*x - x**2 - 1 - x**3 - 2*x. Let n be o(6). Suppose n*t = -t + 114. What is the units digit of t?
9
Suppose -3*b - 2*b + 50 = n, -2*b + 53 = n. Let c = n + -87. Let i = c + 35. What is the units digit of i?
3
What is the tens digit of 3764 + -2 + (-10 - (-2 - 1))?
5
Suppose -2*b = 3*b + 20, -19 = -5*w + b. Suppose 17*q - 12324 = -1801. Suppose t + 0*t + j = 155, 4*t = -w*j + q. What is the tens digit of t?
5
Let j be (-1)/(-3) + 1772/12. Suppose 5*o = o - j. Let q = o + 120. What is the tens digit of q?
8
Let d = 56939 - 12018. What is the units digit of d?
1
Suppose -78460 - 221811 = -17*c. What is the tens digit of c?
6
Suppose -3*m = -2*w - 52240 - 26697, -3*m = -5*w - 78916. What is the ten thousands digit of m?
2
Let h(v) = v**3 + 21*v**2 - 31*v + 21. Let a be h(-23). Let d = 701 + a. What is the units digit of d?
7
Suppose 3*d = -3 - 9. Let g be 3*d/30*(-11 - -1). Suppose 0 = u - 4*y - 77 - 87, 0 = -g*y - 16. What is the tens digit of u?
4
Suppose 0 = 2*q + 4*w - 1398, 0 = 3*q - q + 5*w - 1403. Let d = q + -430. What is the units digit of d?
9
Suppose 8445 = -28*c + 31*c - 4*z, 0 = c + 5*z - 2815. What is the hundreds digit of c?
8
Let o = 6912 + -3543. What is the thousands digit of o?
3
Let k(t) = 34*t**2 - 64*t - 856. What is the units digit of k(-14)?
4
Let t be -3*(-2)/(10 + -4). Let i(k) = -k + k**2 - k**3 - 13*k**2 + t + 8*k**2 + 2*k**3. What is the units digit of i(6)?
7
Let q be (2/(-5))/((-20)/(-900)). Let p = q + 55. Let z = p + 1. What is the tens digit of z?
3
Let d be (-1)/(2/(-20)*5). Suppose 0 = -3*v + v + 3*o + 94, 0 = d*o + 4. What is the tens digit of v?
4
Let o(w) = -w**2 + 23*w - 20. Let x be o(22). Suppose y = -x*i + 254, 506 = 5*i - i + y. Suppose 0 = s + v - 177, v + i + 53 = s. What is the units digit of s?
8
Let m = 13862 + -2907. What is the ten thousands digit of m?
1
Let b(w) = 33*w**3 - 5*w**2 - 14*w + 40. What is the hundreds digit of b(4)?
0
Let f(b) = 44*b + 24. Let a(r) = r**2 - 2*r + 8. Let o be a(2). What is the hundreds digit of f(o)?
3
Let h(c) = 6*c**2 - 14*c - 41. Let q(d) = 4*d**2 - 12*d - 22. Let j be q(4). What is the units digit of h(j)?
9
Suppose 5*u = 51*u - 2503918. What is the ten thousands digit of u?
5
Let c = 39 - 33. Suppose -c*q = 15 - 15. Suppose -12*o + 9*o + 342 = q. What is the units digit of o?
4
Let d(g) = g**3 - 22*g**2 - 71*g + 39. Let u be d(28). Suppose 8*t - k = 12*t - 2204, 5*t - u = -5*k. What is the hundreds digit of t?
5
Let h = -222 - -228. Suppose -x - 512 = -3*m, -h = 8*x - 5*x. What is the units digit of m?
0
Let t = -43 - -64. What is the hundreds digit of ((-5612)/16 + t/(-28))*-2?
7
Let p be 4*(-5)/(-8)*2. Suppose -4*g = 5*d - 124, 3*d - 40 - 22 = -2*g. Suppose 614 + g = p*k. What is the tens digit of k?
2
Suppose -14*k - 18260 - 11042 = 0. Let s = k - -3108. What is the thousands digit of s?
1
Let y(w) = 14*w + 8. Let a be y(6). Let u = -2492 - -2580. Let t = a - u. What is the units digit of t?
4
Suppose 167*r - 4683769 = 6157036. What is the units digit of r?
5
Let k be (6/4)/((-6)/56). Let a(i) = 18*i + 3*i**3 + 69 + 10*i**2 - 2*i**2 - 2*i**3 + 8*i**2 - 15. What is the hundreds digit of a(k)?
1
Let a be -2 - (4 + -2574) - (-8 + 4). What is the hundreds digit of ((-80)/(-12))/(a/642 - 4)?
0
Let c(z) = -4*z - 2. Let u be c(-1). Suppose 3*q = -u*m + 2818, 0 = q - 3*m - 585 - 358. Suppose -9*j + q = j. What is the units digit of j?
4
Let t = -2509 + 76362. What is the units digit of t?
3
What is the thousands digit of -50*(-356)/(-10)*((-123)/12 + 4)?
1
Let b(g) = -2*g**3 - 15*g**2 - 4*g + 20. Suppose r + r + 5*i + 35 = 0, 5*i + 45 = -3*r. What is the units digit of b(r)?
0
Let m = 394 + -39. Let c = m - -328. What is the units digit of c?
3
Let g be 1 - (-47 - (2 - 1)). Suppose -147*q - 56 = -148*q. Let n = q - g. What is the units digit of n?
7
Let u be 77/33 + (-4)/(-6). Let y(j) = 6*j - 15. Let d be y(u). Suppose -3*h - d*h + 12 = 0. What is the units digit of h?
2
Suppose 2*y - 96517 = -5*f, 56655 = 4*f - 5*y - 20552. What is the thousands digit of f?
9
Let t(b) = 6*b**2 + 32*b + 722. What is the hundreds digit of t(-17)?
9
Let l(g) = 2*g**3 + 62*g**2 + 78*g - 18. Let n be l(-29). Suppose 0 = -15*y + 17*y + 3*b - 1079, n = 2*y + 2*b. What is the tens digit of y?
4
Let c(z) = z**2 + 9*z - 581. Let k be c(-29). Let a(n) be the second derivative of -28*n**3/3 - n**2/2 - n. What is the tens digit of a(k)?
5
Let r = 138146 + -91609. What is the hundreds digit of r?
5
Let g = -25 + 45. Suppose -2 - g = 11*m. What is the units digit of -5 + 4 - 62/m?
0
Suppose 4*r = v + 15, -5*r = -8*v + 5*v - 24. What is the units digit of 26/r*(-7 + 21)*3?
4
Let n be (-156)/546 - (-6576)/(-14). Let v = 241 - n. What is the tens digit of v?
1
Suppose 0 = 3*f + a - 40, -4*f + 3*a + 56 = 5*a. Suppose 13 + f = 5*z. Suppose 2*o = 3*o - 4, 26 = 3*t + z*o. What is the units digit of t?
2
Suppose -33*t = -29*t - 20. What is the units digit of t - (-2 - -291)/(-1)?
4
Suppose -2*z + 8821 = 4*k - 3077, 5*k = -2*z + 11894. What is the units digit of z?
7
Let r(f) = -2*f + 8. Let i(w) = w**2 + w - 4*w**2 + 2*w**2 + 6. Let a be i(3). What is the units digit of r(a)?
8
Suppose 101*c + 145077 = 983074. What is the hundreds digit of c?
2
Suppose 18*q + 5265 = 27*q. Let k be 3 - -1*4*3. Suppose k*c - q = 10*c. What is the tens digit of c?
1
Let n(m) = m + 1. Let j be n(-7). Let x(f) = -29*f + 7. What is the units digit of x(j)?
1
Let j(r) = r**3 + 16*r**2 + 31*r + 5. Let u = -290 - -281. What is the hundreds digit of j(u)?
2
Let z = 256 + -255. Let q(b) = 472*b**3 - 8*b**2 + 7*b - 1. What is the units digit of q(z)?
0
Let l(f) = f**3 - 8*f**2 + 8*f - 3. Let v be l(7). Suppose 0 = -v*a + 8*a. Suppose a = 2*p - 3*p + 14. What is the tens digit of p?
1
Suppose -96 = -7*i + 9. What is the hundreds digit of 2/i + 337117/285?
1
Let h(v) = -231*v - 7280. What is the thousands digit of h(-114)?
9
Let m = 1266 + -746. Suppose 4*v = -m - 156. Let h = v + 378. What is the hundreds digit of h?
2
Suppose -2*q = 4*t - 33520, q = 4*t - 28663 - 4863. What is the units digit of t?
1
Let s(g) = -66*g - 7 + 137*g - 66*g + g**2. What is the tens digit of s(4)?
2
Let s(c) = -c**3 - 7*c**2 - 7*c + 7. Let t(l) = l**3 - 5*l**2 - l - 3. Let i be t(5). Let h be s(i). Let n = h + -64. What is the tens digit of n?
6
Let h be (-594)/(-42) - (-3)/(-21). Let i = 18 - h. Suppose 3*j + i*l - 14 = 2*l, 3*l - 20 = -4*j. What is the units digit of j?
2
Let h(c) = 8*c**2 - 18*c - 20. Let z be h(-9). Let w = -357 + z. What is the units digit of w?
3
Let p(x) = -x**3 + 32*x**2 + 37*x + 64. Let q be p(32). Let s = -597 + q. What is the units digit of s?
1
Suppose -4*d = -c + 532, c - 4*c - 3*d + 1521 = 0. Let t = c + 164. What is the hundreds digit of t?
6
Suppose 8441 + 3203 = u + 4*d, 4*u + 3*d = 46615. What is the thousands digit of u?
1
Let q(a) = 15*a - 42. Let z be q(3). Suppose 12*o = z*o + 8451. What is the units digit of o?
9
Let k = 55 - 35. Let m be (-8)/(-5 + 0 + 17743/3553). Suppose -k = 8*j - m. What is the hundreds digit of j?
1
Suppose w = 2*w - f - 92, 5*w - 468 = 3*f. Let o be (w/(-14))/((-7)/49). What is the units digit of (o/20)/(3/50)?
0
Suppose q - 3*q + 92 = 0. Let j be q/(-8) - (-1)/(-4). What is the tens digit of 1 + (j/15 - 332/(-5))?
6
What is the hundreds digit of 558/(-24)*364/63*-258?
6
Suppose -1488 + 10428 = 6*q. Let w = -